-4). Suppose -4*z + 1 + 15 = 0. Suppose z*r + 8 = 128. Calculate the highest common factor of r and b.
3
Let w be (-10)/(-30)*(-3 + 15). Calculate the highest common factor of w and 10.
2
Let b = 22 - 8. Calculate the greatest common factor of b and 2.
2
Suppose a - 17 = -0*a. Calculate the highest common divisor of 187 and a.
17
Suppose 118 = 4*b + 18. Let j = b + -22. Calculate the highest common divisor of 1 and j.
1
Suppose -4*h - 3 = -h - 3*x, -3*x = -2*h - 6. Suppose -24 = -3*y + h. What is the highest common divisor of y and 72?
9
Suppose 5*w - 62 = -2*j + w, 10 = 5*w. Let r = 38 - j. What is the highest common factor of r and 33?
11
Suppose 0*u + 3 = 3*u, -5*s + 3*u = -37. Let g(p) = 89*p**2 - p. Let x be g(1). Calculate the highest common divisor of s and x.
8
Suppose 3*i = 7*i - 20. Suppose 34 + 26 = i*a. Calculate the highest common factor of 96 and a.
12
Let p = -25 + 28. Suppose -2*f = l - 7, p*f + 5*l - 21 = -0. Calculate the highest common divisor of f and 6.
2
Let w(f) = f + 23. Let q be w(-13). Calculate the greatest common divisor of 50 and q.
10
Let z(s) = -s**3 + 6*s**2 - 3*s + 6. Let d be z(5). Calculate the highest common divisor of 176 and d.
16
Let r be (-27 + -2)/(1/(-3)). Let x = r - 60. Let o(q) = -q**2 - 11*q - 6. Let g be o(-8). Calculate the greatest common divisor of x and g.
9
Let r be 10 + -1 + (-2 - -2). Suppose d = -d - 3*b + 285, 2*b - 729 = -5*d. Let w = d + -66. Calculate the highest common divisor of r and w.
9
Let n(x) = 7*x**3 - 2*x + 3. Let b be n(-3). Let p be -84 + (-2)/2*-3. Let s = p - b. What is the greatest common factor of 9 and s?
9
Let n be 4/14 + 108/14. Let t = 29 + -18. Let g = t - 3. Calculate the greatest common factor of n and g.
8
Suppose -43*s = -37*s - 24. Let j be 1 + -2 + 1 + 10. Calculate the greatest common factor of s and j.
2
Let b(g) = g**3 + 9*g**2 + 12*g + 13. Let f be b(-7). What is the highest common divisor of 3 and f?
3
Let u = -180 - -189. Calculate the greatest common divisor of u and 27.
9
Let m = -17 - -38. Let j be 6*(-15)/(-12)*14. What is the highest common divisor of j and m?
21
Let z = 3 - 1. Suppose 5*i + z = 52. Calculate the highest common factor of i and 110.
10
Suppose 2*b = -x + 35, -2*x = -2*b - 2*b + 90. Let h = 3 - 1. Let z be (-68)/(-18) + h/9. Calculate the greatest common divisor of b and z.
4
Let s be 52/(-6) + (-10)/(-15). Let k = s - -26. Let r be 9 - (0 + 3 + -3). What is the highest common factor of r and k?
9
Let z = 12 + 17. Calculate the highest common divisor of z and 319.
29
Suppose -50 = y - 3*y. Suppose -8*s = -2*x - 3*s + 41, 5*s = -y. What is the greatest common factor of 24 and x?
8
Let t = 52 - 37. Calculate the highest common factor of 45 and t.
15
Suppose 4*n = -3*j + 50, -4*j = j + 4*n - 70. Let h be 2 + (1*-2)/(-2). Suppose -45 = -6*k + h*k. What is the highest common factor of k and j?
5
Let f(y) = -y**2 - 13*y. Let v be f(-10). Calculate the highest common divisor of v and 15.
15
Suppose 15 = 3*z, -2*r = -5*r + 3*z. Suppose r*q = -0*q + 100. Calculate the highest common divisor of 30 and q.
10
Suppose 7*y = 10 - 3. What is the greatest common factor of y and 4?
1
Let z be (-1 - 20)/((-2)/24*4). What is the greatest common divisor of 21 and z?
21
Suppose -2*f = -j + 13, 4*j = 2*f + 18 + 4. Suppose -2 = j*z - 20. Let d be (-5)/((-10)/(-192))*4/(-8). Calculate the highest common factor of d and z.
6
Let m(d) = -d + 10. Let a = 0 + 5. Let j be m(a). What is the highest common factor of j and 1?
1
Suppose -4*f - 16 = -2*b, -3*f - 5*b = -2*f - 18. Let p be f + 6 + (-1 - -1). Let i be p*(-3)/(-6) - -1. What is the highest common factor of i and 27?
3
Let s = -135 - -200. Let i = 31 - 5. Calculate the greatest common factor of i and s.
13
Let n be (18/(-36))/((-2)/84). What is the greatest common divisor of 168 and n?
21
Let g = 292 + -85. Suppose 0 = 5*b - 3*q - g, -3*b + 2*q = -20 - 105. Let t be (-80)/(-6) - (-3)/(-9). Calculate the highest common divisor of b and t.
13
Let q(k) = k**3 + 12*k**2 - 12*k + 18. Let d be q(-13). Let f be (130/4)/d*2. What is the greatest common factor of f and 52?
13
Let t(u) = -2*u + 2. Let y be t(-5). Calculate the highest common factor of 96 and y.
12
Let m = -24 - -18. Let l = m - -21. Calculate the greatest common factor of l and 15.
15
Suppose -2*o - 36 = -f, -4*f + 71 = -2*o - 49. Calculate the greatest common divisor of f and 196.
28
Let s(c) = -2*c - 35. Let q be s(-25). What is the highest common factor of q and 30?
15
Let w(f) = -10*f - 9. Let x be w(-3). What is the greatest common divisor of x and 21?
21
Suppose -3*w + 138 - 27 = 3*j, -3*w = -4*j - 90. Calculate the greatest common factor of w and 68.
34
Let w = -35 - -135. Calculate the greatest common divisor of 20 and w.
20
Suppose -5*g + 8 + 12 = 0. Suppose 0 = -0*t + g*t - 4. Calculate the greatest common factor of 11 and t.
1
Let k(p) = p**3 + 4*p**2 - 2*p - 4. Let h be k(-6). Let u = h - -240. Calculate the highest common divisor of 16 and u.
16
Let h(f) = f**2 - 13*f + 14. Let i be h(13). Calculate the highest common divisor of i and 112.
14
Suppose -6*f + 170 = -f. Let l = f - 19. What is the greatest common factor of l and 75?
15
Let c = -36 - -64. Suppose -5*j + 35 = 3*r, 3*r + 9 - 2 = j. Calculate the greatest common divisor of j and c.
7
Suppose -26*t - 168 = -34*t. Calculate the greatest common factor of 63 and t.
21
Suppose 25 = 5*i - 2*c, 0 = 4*i - 4*c + 2 - 10. Calculate the highest common factor of i and 21.
7
Let u(t) = t**2 + 4*t + 9. Let r be u(-4). What is the greatest common divisor of 18 and r?
9
Let n = 0 - -14. Let y = n + -12. What is the greatest common divisor of 2 and y?
2
Suppose -s + z = -49, 2*s - 88 = -z - 2*z. Let d = -33 + s. Suppose -4*c + 2*c + 221 = -5*j, -2*c - 2*j + 186 = 0. What is the highest common factor of d and c?
14
Let k = 23 - 14. Calculate the greatest common divisor of 9 and k.
9
Suppose 7 = -m - 4*h - 4, 5*h + 34 = m. Calculate the highest common divisor of 144 and m.
9
Suppose -2*k = 5*i - 47 - 47, 3*i = 2*k + 66. What is the greatest common divisor of i and 180?
20
Suppose -v - 2 = 0, z + 18 = -5*v + 155. Suppose -d + 17 = -r, 7 - 2 = d - 4*r. What is the highest common divisor of z and d?
21
Let p be 4 + (1 - 1) + -1. Suppose -p*t + 2*w = 3*w + 104, 0 = 5*t + 4*w + 185. Let i be (-831)/t + (-4)/22. What is the greatest common divisor of 10 and i?
5
Let x(b) = b**2 + 6*b - 1. Let d be x(-8). Suppose -4*u = 4*o, -4*o + 6 = 2*u - 0*u. What is the greatest common divisor of d and o?
3
Let s(g) = 14*g**2 + g - 4. Let u be s(2). What is the highest common factor of u and 6?
6
Let l be (-2)/(-3) - 1410/(-45). Calculate the greatest common divisor of l and 112.
16
Let w be 7/(-2)*(11 - 1). Let i = 9 - w. Let d be 4/(-28) + i/14. Calculate the highest common divisor of d and 3.
3
Let a be (-27 + 17)/((-2)/10). Suppose i = 6*i - 100. What is the greatest common factor of a and i?
10
Suppose 0 = 5*x - 35 - 185. Suppose 3*s + 4*m = 2*m + 33, 5*s + m - 55 = 0. Calculate the highest common divisor of x and s.
11
Let p(r) = 3*r + 4 - 2 - 4*r. Let q be p(-6). Let w = -16 - -24. Calculate the greatest common factor of w and q.
8
Let z be (-6)/3*(0 + -10). Let w = -7 - -12. What is the highest common factor of w and z?
5
Let x(z) = z**3 - 2*z**2 - z + 3. Let g be x(3). Suppose 18 = y - g. Calculate the greatest common factor of 9 and y.
9
Let k be (-15)/(-35) - (-1062)/21. Suppose -2*m + k = m. Suppose -3*v + 8*v = -5*s + 150, -3*s - 46 = -v. What is the greatest common divisor of m and v?
17
Suppose -2*s + 266 = 2*v, s - 377 = -2*v - 116. Calculate the highest common divisor of v and 32.
32
Let d = 6 - 4. Suppose -t + 52 = -d*w, -3*t + w = -3*w - 164. Suppose -240 = -3*x + t. What is the highest common divisor of x and 20?
20
Suppose 2*i = 4*i - 8. Let k be ((-2)/3)/(1/(-3)). Suppose 2*h + k*j = 5*j + 84, 0 = -i*j. Calculate the greatest common divisor of 28 and h.
14
Let a = -29 - -44. What is the highest common divisor of 105 and a?
15
Let b(d) = -d**2 - 25*d + 42. Let q be b(-18). Calculate the highest common divisor of q and 24.
24
Let l = -56 - -68. Calculate the greatest common factor of 60 and l.
12
Let q be (-1464)/(-56) - (1 + -2)/(-7). Suppose b = 24 + 15. What is the greatest common facto